{"id":876,"date":"2020-03-14T14:57:01","date_gmt":"2020-03-14T17:57:01","guid":{"rendered":"https:\/\/ensfjsmo-sjn.infd.edu.ar\/sitio\/informacion-para-docentes\/"},"modified":"2020-03-14T22:11:18","modified_gmt":"2020-03-15T01:11:18","slug":"informacion-para-docentes","status":"publish","type":"page","link":"https:\/\/ensfjsmo-sjn.infd.edu.ar\/sitio\/informacion-para-docentes\/","title":{"rendered":"Informaci\u00f3n para docentes"},"content":{"rendered":"<p><strong><span style=\"font-family: book antiqua,palatino; font-size: 14pt; color: #333399;\">Mesas de Ex\u00e1menes Turno Marzo 2020<\/span><\/strong><\/p>\n<p><span style=\"font-family: book antiqua,palatino; font-size: 12pt;\">Ya se encuentran disponibles las mesas de ex\u00e1menes para esta primera etapa del a\u00f1o. Pueden consultarlas haciendo clic <a href=\"https:\/\/drive.google.com\/file\/d\/14j-Qm-DaEaddxl76WN4uY3ouPNQMklQ3\/view?usp=sharing\"><span class=\"LinkModi\">aq<\/span><\/a><\/span><span style=\"font-family: book antiqua,palatino; font-size: 12pt;\"><span class=\"LinkModi\">u\u00ed<\/span>.<\/span><\/p>\n<p style=\"text-align: center;\"><span style=\"font-family: book antiqua,palatino; font-size: 12pt;\"><img decoding=\"async\" title=\"Almanaque\" src=\"https:\/\/ensfjsmo-sjn.infd.edu.ar\/sitio\/wp-content\/uploads\/2018\/08\/almanaque.bmp\" alt=\"Almanaque\" border=\"0\" \/><\/span><\/p>\n","protected":false},"excerpt":{"rendered":"<p>Mesas de Ex\u00e1menes Turno Marzo 2020 Ya se encuentran disponibles las mesas de ex\u00e1menes para esta primera etapa del a\u00f1o. Pueden consultarlas haciendo clic aqu\u00ed.<\/p>\n","protected":false},"author":78,"featured_media":0,"parent":0,"menu_order":0,"comment_status":"closed","ping_status":"closed","template":"","meta":[],"acf":[],"_links":{"self":[{"href":"https:\/\/ensfjsmo-sjn.infd.edu.ar\/sitio\/wp-json\/wp\/v2\/pages\/876"}],"collection":[{"href":"https:\/\/ensfjsmo-sjn.infd.edu.ar\/sitio\/wp-json\/wp\/v2\/pages"}],"about":[{"href":"https:\/\/ensfjsmo-sjn.infd.edu.ar\/sitio\/wp-json\/wp\/v2\/types\/page"}],"author":[{"embeddable":true,"href":"https:\/\/ensfjsmo-sjn.infd.edu.ar\/sitio\/wp-json\/wp\/v2\/users\/78"}],"replies":[{"embeddable":true,"href":"https:\/\/ensfjsmo-sjn.infd.edu.ar\/sitio\/wp-json\/wp\/v2\/comments?post=876"}],"version-history":[{"count":4,"href":"https:\/\/ensfjsmo-sjn.infd.edu.ar\/sitio\/wp-json\/wp\/v2\/pages\/876\/revisions"}],"predecessor-version":[{"id":985,"href":"https:\/\/ensfjsmo-sjn.infd.edu.ar\/sitio\/wp-json\/wp\/v2\/pages\/876\/revisions\/985"}],"wp:attachment":[{"href":"https:\/\/ensfjsmo-sjn.infd.edu.ar\/sitio\/wp-json\/wp\/v2\/media?parent=876"}],"curies":[{"name":"wp","href":"https:\/\/api.w.org\/{rel}","templated":true}]}}